{"id":34,"date":"2022-03-02T15:05:58","date_gmt":"2022-03-02T14:05:58","guid":{"rendered":"https:\/\/heimatmuseum-windeck.de\/wp\/?page_id=34"},"modified":"2026-04-04T20:45:25","modified_gmt":"2026-04-04T18:45:25","slug":"heimatmuseum-altwindeck","status":"publish","type":"page","link":"https:\/\/heimatmuseum-windeck.de\/","title":{"rendered":"Willkommen im Heimatmuseum"},"content":{"rendered":"\t\t<div data-elementor-type=\"wp-page\" data-elementor-id=\"34\" class=\"elementor elementor-34\">\n\t\t\t\t\t\t<section class=\"elementor-section elementor-top-section elementor-element elementor-element-23863f4b elementor-section-boxed elementor-section-height-default elementor-section-height-default\" data-id=\"23863f4b\" data-element_type=\"section\" data-e-type=\"section\">\n\t\t\t\t\t\t<div class=\"elementor-container elementor-column-gap-default\">\n\t\t\t\t\t<div class=\"elementor-column elementor-col-100 elementor-top-column elementor-element elementor-element-f53f584\" data-id=\"f53f584\" data-element_type=\"column\" data-e-type=\"column\">\n\t\t\t<div class=\"elementor-widget-wrap elementor-element-populated\">\n\t\t\t\t\t\t<div class=\"elementor-element elementor-element-58ae9f7 elementor-widget elementor-widget-qi_addons_for_elementor_text_marquee\" data-id=\"58ae9f7\" data-element_type=\"widget\" data-e-type=\"widget\" data-widget_type=\"qi_addons_for_elementor_text_marquee.default\">\n\t\t\t\t<div class=\"elementor-widget-container\">\n\t\t\t\t\t<div class=\"qodef-shortcode qodef-m qodef-qi-text-marquee qodef-layout--default\">\n\t<div class=\"qodef-m-content\">\n\t\t<div class=\"qodef-m-text qodef-text--original\">\n\t\t\t\t\t\t\t<span class=\"qodef-m-text-item elementor-repeater-item-207856c\" >Wir \u00f6ffnen wieder ab 3. April 2026!  Neue \u00d6ffnungszeiten in 2026 - s. unten!<\/span>\n\t\t\t\t\t\t\t\t\t<\/div>\n\t\t<div class=\"qodef-m-text qodef-text--copy\">\n\t\t\t\t\t\t\t<span class=\"qodef-m-text-item elementor-repeater-item-207856c\" >Wir \u00f6ffnen wieder ab 3. April 2026!  Neue \u00d6ffnungszeiten in 2026 - s. unten!<\/span>\n\t\t\t\t\t\t\t\t\t<\/div>\n\t<\/div>\n<\/div>\n\t\t\t\t<\/div>\n\t\t\t\t<\/div>\n\t\t\t\t<section class=\"elementor-section elementor-inner-section elementor-element elementor-element-477cdd1 elementor-section-boxed elementor-section-height-default elementor-section-height-default\" data-id=\"477cdd1\" data-element_type=\"section\" data-e-type=\"section\">\n\t\t\t\t\t\t<div class=\"elementor-container elementor-column-gap-default\">\n\t\t\t\t\t<div class=\"elementor-column elementor-col-100 elementor-inner-column elementor-element elementor-element-d791a1f\" data-id=\"d791a1f\" data-element_type=\"column\" data-e-type=\"column\">\n\t\t\t<div class=\"elementor-widget-wrap elementor-element-populated\">\n\t\t\t\t\t\t<div class=\"elementor-element elementor-element-d66b986 elementor-widget elementor-widget-image\" data-id=\"d66b986\" data-element_type=\"widget\" data-e-type=\"widget\" data-widget_type=\"image.default\">\n\t\t\t\t<div class=\"elementor-widget-container\">\n\t\t\t\t\t\t\t\t\t\t\t\t\t\t\t<img fetchpriority=\"high\" decoding=\"async\" width=\"600\" height=\"600\" src=\"https:\/\/heimatmuseum-windeck.de\/wp\/wp-content\/uploads\/Gartenflohmarkt-2026-600x600.jpg\" class=\"attachment-ocean-thumb-m size-ocean-thumb-m wp-image-2476\" alt=\"\" srcset=\"https:\/\/heimatmuseum-windeck.de\/wp\/wp-content\/uploads\/Gartenflohmarkt-2026-600x600.jpg 600w, https:\/\/heimatmuseum-windeck.de\/wp\/wp-content\/uploads\/Gartenflohmarkt-2026-150x150.jpg 150w, https:\/\/heimatmuseum-windeck.de\/wp\/wp-content\/uploads\/Gartenflohmarkt-2026-650x650.jpg 650w, https:\/\/heimatmuseum-windeck.de\/wp\/wp-content\/uploads\/Gartenflohmarkt-2026-1300x1300.jpg 1300w\" sizes=\"(max-width: 600px) 100vw, 600px\" \/>\t\t\t\t\t\t\t\t\t\t\t\t\t\t\t<\/div>\n\t\t\t\t<\/div>\n\t\t\t\t\t<\/div>\n\t\t<\/div>\n\t\t\t\t\t<\/div>\n\t\t<\/section>\n\t\t\t\t<div class=\"elementor-element elementor-element-b307791 elementor-widget-divider--view-line elementor-widget elementor-widget-divider\" data-id=\"b307791\" data-element_type=\"widget\" data-e-type=\"widget\" data-widget_type=\"divider.default\">\n\t\t\t\t<div class=\"elementor-widget-container\">\n\t\t\t\t\t\t\t<div class=\"elementor-divider\">\n\t\t\t<span class=\"elementor-divider-separator\">\n\t\t\t\t\t\t<\/span>\n\t\t<\/div>\n\t\t\t\t\t\t<\/div>\n\t\t\t\t<\/div>\n\t\t\t\t<div class=\"elementor-element elementor-element-b290d54 elementor-widget-divider--view-line elementor-widget elementor-widget-divider\" data-id=\"b290d54\" data-element_type=\"widget\" data-e-type=\"widget\" data-widget_type=\"divider.default\">\n\t\t\t\t<div class=\"elementor-widget-container\">\n\t\t\t\t\t\t\t<div class=\"elementor-divider\">\n\t\t\t<span class=\"elementor-divider-separator\">\n\t\t\t\t\t\t<\/span>\n\t\t<\/div>\n\t\t\t\t\t\t<\/div>\n\t\t\t\t<\/div>\n\t\t\t\t<section class=\"elementor-section elementor-inner-section elementor-element elementor-element-e7825ed elementor-section-boxed elementor-section-height-default elementor-section-height-default\" data-id=\"e7825ed\" data-element_type=\"section\" data-e-type=\"section\">\n\t\t\t\t\t\t<div class=\"elementor-container elementor-column-gap-default\">\n\t\t\t\t\t<div class=\"elementor-column elementor-col-100 elementor-inner-column elementor-element elementor-element-37f5b78\" data-id=\"37f5b78\" data-element_type=\"column\" data-e-type=\"column\">\n\t\t\t<div class=\"elementor-widget-wrap elementor-element-populated\">\n\t\t\t\t\t\t<div class=\"elementor-element elementor-element-2c57416 elementor-widget elementor-widget-image-gallery\" data-id=\"2c57416\" data-element_type=\"widget\" data-e-type=\"widget\" data-widget_type=\"image-gallery.default\">\n\t\t\t\t<div class=\"elementor-widget-container\">\n\t\t\t\t\t\t\t<div class=\"elementor-image-gallery\">\n\t\t\t<div id='gallery-1' class='gallery galleryid-34 gallery-columns-4 gallery-size-thumbnail'><figure class='gallery-item'>\n\t\t\t<div class='gallery-icon landscape'>\n\t\t\t\t<a data-elementor-open-lightbox=\"yes\" data-elementor-lightbox-slideshow=\"2c57416\" data-elementor-lightbox-title=\"IMG-20260130-WA0001\" data-e-action-hash=\"#elementor-action%3Aaction%3Dlightbox%26settings%3DeyJpZCI6MjQ1OCwidXJsIjoiaHR0cHM6XC9cL2hlaW1hdG11c2V1bS13aW5kZWNrLmRlXC93cFwvd3AtY29udGVudFwvdXBsb2Fkc1wvSU1HLTIwMjYwMTMwLVdBMDAwMS5qcGciLCJzbGlkZXNob3ciOiIyYzU3NDE2In0%3D\" href='https:\/\/heimatmuseum-windeck.de\/wp\/wp-content\/uploads\/IMG-20260130-WA0001.jpg' title=\"\" data-rl_title=\"\" class=\"rl-gallery-link\" data-rl_caption=\"\" data-rel=\"lightbox-gallery-1\"><img decoding=\"async\" width=\"150\" height=\"150\" src=\"https:\/\/heimatmuseum-windeck.de\/wp\/wp-content\/uploads\/IMG-20260130-WA0001-150x150.jpg\" class=\"attachment-thumbnail size-thumbnail\" alt=\"\" srcset=\"https:\/\/heimatmuseum-windeck.de\/wp\/wp-content\/uploads\/IMG-20260130-WA0001-150x150.jpg 150w, https:\/\/heimatmuseum-windeck.de\/wp\/wp-content\/uploads\/IMG-20260130-WA0001-600x600.jpg 600w, https:\/\/heimatmuseum-windeck.de\/wp\/wp-content\/uploads\/IMG-20260130-WA0001-650x650.jpg 650w\" sizes=\"(max-width: 150px) 100vw, 150px\" \/><\/a>\n\t\t\t<\/div><\/figure><figure class='gallery-item'>\n\t\t\t<div class='gallery-icon portrait'>\n\t\t\t\t<a data-elementor-open-lightbox=\"yes\" data-elementor-lightbox-slideshow=\"2c57416\" data-elementor-lightbox-title=\"IMG_20251212_124119\" data-e-action-hash=\"#elementor-action%3Aaction%3Dlightbox%26settings%3DeyJpZCI6MjQ2NSwidXJsIjoiaHR0cHM6XC9cL2hlaW1hdG11c2V1bS13aW5kZWNrLmRlXC93cFwvd3AtY29udGVudFwvdXBsb2Fkc1wvSU1HXzIwMjUxMjEyXzEyNDExOS1zY2FsZWQuanBnIiwic2xpZGVzaG93IjoiMmM1NzQxNiJ9\" href='https:\/\/heimatmuseum-windeck.de\/wp\/wp-content\/uploads\/IMG_20251212_124119-scaled.jpg' title=\"\" data-rl_title=\"\" class=\"rl-gallery-link\" data-rl_caption=\"\" data-rel=\"lightbox-gallery-1\"><img decoding=\"async\" width=\"150\" height=\"150\" src=\"https:\/\/heimatmuseum-windeck.de\/wp\/wp-content\/uploads\/IMG_20251212_124119-150x150.jpg\" class=\"attachment-thumbnail size-thumbnail\" alt=\"\" srcset=\"https:\/\/heimatmuseum-windeck.de\/wp\/wp-content\/uploads\/IMG_20251212_124119-150x150.jpg 150w, https:\/\/heimatmuseum-windeck.de\/wp\/wp-content\/uploads\/IMG_20251212_124119-600x600.jpg 600w, https:\/\/heimatmuseum-windeck.de\/wp\/wp-content\/uploads\/IMG_20251212_124119-650x650.jpg 650w, https:\/\/heimatmuseum-windeck.de\/wp\/wp-content\/uploads\/IMG_20251212_124119-1300x1300.jpg 1300w\" sizes=\"(max-width: 150px) 100vw, 150px\" \/><\/a>\n\t\t\t<\/div><\/figure><figure class='gallery-item'>\n\t\t\t<div class='gallery-icon portrait'>\n\t\t\t\t<a data-elementor-open-lightbox=\"yes\" data-elementor-lightbox-slideshow=\"2c57416\" data-elementor-lightbox-title=\"IMG_20251212_133429\" data-e-action-hash=\"#elementor-action%3Aaction%3Dlightbox%26settings%3DeyJpZCI6MjQ2NCwidXJsIjoiaHR0cHM6XC9cL2hlaW1hdG11c2V1bS13aW5kZWNrLmRlXC93cFwvd3AtY29udGVudFwvdXBsb2Fkc1wvSU1HXzIwMjUxMjEyXzEzMzQyOS1zY2FsZWQuanBnIiwic2xpZGVzaG93IjoiMmM1NzQxNiJ9\" href='https:\/\/heimatmuseum-windeck.de\/wp\/wp-content\/uploads\/IMG_20251212_133429-scaled.jpg' title=\"\" data-rl_title=\"\" class=\"rl-gallery-link\" data-rl_caption=\"\" data-rel=\"lightbox-gallery-1\"><img loading=\"lazy\" decoding=\"async\" width=\"150\" height=\"150\" src=\"https:\/\/heimatmuseum-windeck.de\/wp\/wp-content\/uploads\/IMG_20251212_133429-150x150.jpg\" class=\"attachment-thumbnail size-thumbnail\" alt=\"\" srcset=\"https:\/\/heimatmuseum-windeck.de\/wp\/wp-content\/uploads\/IMG_20251212_133429-150x150.jpg 150w, https:\/\/heimatmuseum-windeck.de\/wp\/wp-content\/uploads\/IMG_20251212_133429-600x600.jpg 600w, https:\/\/heimatmuseum-windeck.de\/wp\/wp-content\/uploads\/IMG_20251212_133429-650x650.jpg 650w, https:\/\/heimatmuseum-windeck.de\/wp\/wp-content\/uploads\/IMG_20251212_133429-1300x1300.jpg 1300w\" sizes=\"(max-width: 150px) 100vw, 150px\" \/><\/a>\n\t\t\t<\/div><\/figure><figure class='gallery-item'>\n\t\t\t<div class='gallery-icon landscape'>\n\t\t\t\t<a data-elementor-open-lightbox=\"yes\" data-elementor-lightbox-slideshow=\"2c57416\" data-elementor-lightbox-title=\"IMG_20260202_130139_1\" data-e-action-hash=\"#elementor-action%3Aaction%3Dlightbox%26settings%3DeyJpZCI6MjQ2MCwidXJsIjoiaHR0cHM6XC9cL2hlaW1hdG11c2V1bS13aW5kZWNrLmRlXC93cFwvd3AtY29udGVudFwvdXBsb2Fkc1wvSU1HXzIwMjYwMjAyXzEzMDEzOV8xLXNjYWxlZC5qcGciLCJzbGlkZXNob3ciOiIyYzU3NDE2In0%3D\" href='https:\/\/heimatmuseum-windeck.de\/wp\/wp-content\/uploads\/IMG_20260202_130139_1-scaled.jpg' title=\"\" data-rl_title=\"\" class=\"rl-gallery-link\" data-rl_caption=\"\" data-rel=\"lightbox-gallery-1\"><img loading=\"lazy\" decoding=\"async\" width=\"150\" height=\"150\" src=\"https:\/\/heimatmuseum-windeck.de\/wp\/wp-content\/uploads\/IMG_20260202_130139_1-150x150.jpg\" class=\"attachment-thumbnail size-thumbnail\" alt=\"\" srcset=\"https:\/\/heimatmuseum-windeck.de\/wp\/wp-content\/uploads\/IMG_20260202_130139_1-150x150.jpg 150w, https:\/\/heimatmuseum-windeck.de\/wp\/wp-content\/uploads\/IMG_20260202_130139_1-600x600.jpg 600w, https:\/\/heimatmuseum-windeck.de\/wp\/wp-content\/uploads\/IMG_20260202_130139_1-650x650.jpg 650w, https:\/\/heimatmuseum-windeck.de\/wp\/wp-content\/uploads\/IMG_20260202_130139_1-1300x1300.jpg 1300w\" sizes=\"(max-width: 150px) 100vw, 150px\" \/><\/a>\n\t\t\t<\/div><\/figure>\n\t\t<\/div>\n\t\t<\/div>\n\t\t\t\t\t\t<\/div>\n\t\t\t\t<\/div>\n\t\t\t\t<div class=\"elementor-element elementor-element-c94d398 elementor-widget elementor-widget-text-editor\" data-id=\"c94d398\" data-element_type=\"widget\" data-e-type=\"widget\" data-widget_type=\"text-editor.default\">\n\t\t\t\t<div class=\"elementor-widget-container\">\n\t\t\t\t\t\t\t\t\t<h2>Das Museum \u00f6ffnet ab dem 3. April (Karfreitag) wieder f\u00fcr interessierte Besucher.<\/h2><h4>Bis dahin ist wahrscheinlich auch die neue Schienenstrecke vom Vorplatz des Hauses Merten bis ins S\u00e4gewerk fertiggestellt.<\/h4><h4>Die Museumsmitarbeiter Peter, Niko, Uwe und Kalle haben in den letzten Wochen flei\u00dfig gearbeitet, um dieses Projekt fertig zu stellen. Dadurch wird der Transport der Baumst\u00e4mme ins S\u00e4gewerk um ein Vielfaches einfacher werden.<\/h4><h4>Unser Dank gilt dabei aber\u00a0 besonders der Grube Silberhardt, die uns mit Material und der notwenigen Ger\u00e4ten ausstattete.<\/h4><h4><span style=\"color: #ff0000;\">F\u00fcr die Saison 2026 haben wir die \u00d6ffnungszeiten ge\u00e4ndert: Einlass ist jetzt bereits um 13 Uhr. Letzter Einlass ist um 17 Uhr. \u00a0\u00a0<\/span><\/h4>\t\t\t\t\t\t\t\t<\/div>\n\t\t\t\t<\/div>\n\t\t\t\t\t<\/div>\n\t\t<\/div>\n\t\t\t\t\t<\/div>\n\t\t<\/section>\n\t\t\t\t<div class=\"elementor-element elementor-element-1437b2a elementor-widget elementor-widget-spacer\" data-id=\"1437b2a\" data-element_type=\"widget\" data-e-type=\"widget\" data-widget_type=\"spacer.default\">\n\t\t\t\t<div class=\"elementor-widget-container\">\n\t\t\t\t\t\t\t<div class=\"elementor-spacer\">\n\t\t\t<div class=\"elementor-spacer-inner\"><\/div>\n\t\t<\/div>\n\t\t\t\t\t\t<\/div>\n\t\t\t\t<\/div>\n\t\t\t\t<div class=\"elementor-element elementor-element-7c3613b elementor-widget elementor-widget-heading\" data-id=\"7c3613b\" data-element_type=\"widget\" data-e-type=\"widget\" data-widget_type=\"heading.default\">\n\t\t\t\t<div class=\"elementor-widget-container\">\n\t\t\t\t\t<h1 class=\"elementor-heading-title elementor-size-default\">Highlight im Museum: Filmdreh f\u00fcr einen Spielfilm<\/h1>\t\t\t\t<\/div>\n\t\t\t\t<\/div>\n\t\t\t\t<div class=\"elementor-element elementor-element-6e9eaee elementor-widget elementor-widget-image\" data-id=\"6e9eaee\" data-element_type=\"widget\" data-e-type=\"widget\" data-widget_type=\"image.default\">\n\t\t\t\t<div class=\"elementor-widget-container\">\n\t\t\t\t\t\t\t\t\t\t\t\t\t\t\t<img decoding=\"async\" src=\"https:\/\/heimatmuseum-windeck.de\/wp\/wp-content\/uploads\/elementor\/thumbs\/IMG_20250725_095929-scaled-r9pllvn5t6tgd9rrlww9nz3v48z87y315oci6hcfca.jpg\" title=\"IMG_20250725_095929\" alt=\"IMG_20250725_095929\" loading=\"lazy\" \/>\t\t\t\t\t\t\t\t\t\t\t\t\t\t\t<\/div>\n\t\t\t\t<\/div>\n\t\t\t\t<div class=\"elementor-element elementor-element-087e19a elementor-widget__width-initial elementor-widget elementor-widget-text-editor\" data-id=\"087e19a\" data-element_type=\"widget\" data-e-type=\"widget\" data-widget_type=\"text-editor.default\">\n\t\t\t\t<div class=\"elementor-widget-container\">\n\t\t\t\t\t\t\t\t\t<h3><span class=\"x193iq5w xeuugli x13faqbe x1vvkbs x1xmvt09 x6prxxf xvq8zen xo1l8bm xzsf02u\" style=\"color: #339966;\"><span class=\"html-span xdj266r x11i5rnm xat24cr x1mh8g0r xexx8yu x4uap5 x18d9i69 xkhd6sd x1hl2dhg x16tdsg8 x1vvkbs\"><strong class=\"html-strong xdj266r x11i5rnm xat24cr x1mh8g0r xexx8yu x4uap5 x18d9i69 xkhd6sd x1hl2dhg x16tdsg8 x1vvkbs x1s688f\">Das Museum ist im Jahre 2025 sehr nachgefragt! So wurden k\u00fcrzlich mehrere Szenen einer Literaturverfilmung im Museum gedreht, ein Oldtimerclub stellte seine &#8222;Sch\u00e4tzchen&#8220; vor, die Grundschulen der Umgebung erlebten eine &#8222;Schulstunde wie vor 100 Jahren&#8220; und andere Besuchergruppen aus der n\u00e4heren und weiteren Umgebung meldeten sich f\u00fcr eine F\u00fchrung durch das Museumsdorf an.<\/strong><\/span><\/span><\/h3><h3>\u00a0Auch Sie k\u00f6nnen uns gerne besuchen &#8211; entweder zu den gewohnten \u00d6ffnungszeiten oder mit einer Gruppe nach Absprache.<\/h3><div>\u00a0<\/div><h3 style=\"text-align: center;\"><span class=\"x193iq5w xeuugli x13faqbe x1vvkbs x1xmvt09 x6prxxf xvq8zen xo1l8bm xzsf02u\" style=\"color: #339966;\"><span class=\"html-span xdj266r x11i5rnm xat24cr x1mh8g0r xexx8yu x4uap5 x18d9i69 xkhd6sd x1hl2dhg x16tdsg8 x1vvkbs\"><strong class=\"html-strong xdj266r x11i5rnm xat24cr x1mh8g0r xexx8yu x4uap5 x18d9i69 xkhd6sd x1hl2dhg x16tdsg8 x1vvkbs x1s688f\">\u00a0<\/strong><\/span><\/span> Wir haben\u00a0ge\u00f6ffnet:<\/h3><h4 style=\"text-align: center;\"><strong>Vom 1. April bis zum 30. Oktober jeweils \u00a0\u00a0\u00a0\u00a0 <br \/><\/strong><\/h4><h4 style=\"text-align: center;\"><strong>Samstags und Sonntags sowie an Feiertagen von 13 &#8211; 18 Uhr (letzter Einlass: 17 Uhr) <br \/><\/strong><\/h4><h4 style=\"text-align: center;\"><strong>Gruppenf\u00fchrungen au\u00dferhalb der \u00d6ffnungszeiten sind nach Anmeldung ebenfalls m\u00f6glich (Kontakt s.u.)<\/strong><\/h4><h4 style=\"text-align: center;\"><strong>Eintrittspreise: Kinder 2,50 \u20ac, Erw. 5,00 \u20ac, Familien 10,00 \u20ac<\/strong><\/h4>\t\t\t\t\t\t\t\t<\/div>\n\t\t\t\t<\/div>\n\t\t\t\t<div class=\"elementor-element elementor-element-b296b11 elementor-widget elementor-widget-spacer\" data-id=\"b296b11\" data-element_type=\"widget\" data-e-type=\"widget\" data-widget_type=\"spacer.default\">\n\t\t\t\t<div class=\"elementor-widget-container\">\n\t\t\t\t\t\t\t<div class=\"elementor-spacer\">\n\t\t\t<div class=\"elementor-spacer-inner\"><\/div>\n\t\t<\/div>\n\t\t\t\t\t\t<\/div>\n\t\t\t\t<\/div>\n\t\t\t\t<div class=\"elementor-element elementor-element-f138d79 elementor-widget elementor-widget-text-editor\" data-id=\"f138d79\" data-element_type=\"widget\" data-e-type=\"widget\" data-widget_type=\"text-editor.default\">\n\t\t\t\t<div class=\"elementor-widget-container\">\n\t\t\t\t\t\t\t\t\t<p style=\"text-align: center;\"><em><span style=\"color: #ff0000;\"><strong>Bildergalerie vom Museum und <span style=\"text-decoration: underline;\">neue<\/span> Videos &#8211;\u00a0 siehe: &#8222;G\u00e4stebuch\/Bildergalerie&#8220;<\/strong><\/span><\/em><\/p>\t\t\t\t\t\t\t\t<\/div>\n\t\t\t\t<\/div>\n\t\t\t\t\t<\/div>\n\t\t<\/div>\n\t\t\t\t\t<\/div>\n\t\t<\/section>\n\t\t\t\t<section class=\"elementor-section elementor-top-section elementor-element elementor-element-7e5056a elementor-section-boxed elementor-section-height-default elementor-section-height-default\" data-id=\"7e5056a\" data-element_type=\"section\" data-e-type=\"section\">\n\t\t\t\t\t\t<div class=\"elementor-container elementor-column-gap-default\">\n\t\t\t\t\t<div class=\"elementor-column elementor-col-20 elementor-top-column elementor-element elementor-element-d017d6d\" data-id=\"d017d6d\" data-element_type=\"column\" data-e-type=\"column\">\n\t\t\t<div class=\"elementor-widget-wrap elementor-element-populated\">\n\t\t\t\t\t\t<div class=\"elementor-element elementor-element-d7e678b elementor-align-center elementor-widget elementor-widget-button\" data-id=\"d7e678b\" data-element_type=\"widget\" data-e-type=\"widget\" data-widget_type=\"button.default\">\n\t\t\t\t<div class=\"elementor-widget-container\">\n\t\t\t\t\t\t\t\t\t<div class=\"elementor-button-wrapper\">\n\t\t\t\t\t<a class=\"elementor-button elementor-button-link elementor-size-md\" href=\"https:\/\/heimatmuseum-windeck.de\/?page_id=38wp\/das-museum\/\" target=\"_blank\">\n\t\t\t\t\t\t<span class=\"elementor-button-content-wrapper\">\n\t\t\t\t\t\t\t\t\t<span class=\"elementor-button-text\">Das Museum<\/span>\n\t\t\t\t\t<\/span>\n\t\t\t\t\t<\/a>\n\t\t\t\t<\/div>\n\t\t\t\t\t\t\t\t<\/div>\n\t\t\t\t<\/div>\n\t\t\t\t\t<\/div>\n\t\t<\/div>\n\t\t\t\t<div class=\"elementor-column elementor-col-20 elementor-top-column elementor-element elementor-element-207aed2\" data-id=\"207aed2\" data-element_type=\"column\" data-e-type=\"column\">\n\t\t\t<div class=\"elementor-widget-wrap elementor-element-populated\">\n\t\t\t\t\t\t<div class=\"elementor-element elementor-element-5194ae1 elementor-align-center elementor-widget elementor-widget-button\" data-id=\"5194ae1\" data-element_type=\"widget\" data-e-type=\"widget\" data-widget_type=\"button.default\">\n\t\t\t\t<div class=\"elementor-widget-container\">\n\t\t\t\t\t\t\t\t\t<div class=\"elementor-button-wrapper\">\n\t\t\t\t\t<a class=\"elementor-button elementor-button-link elementor-size-md\" href=\"https:\/\/heimatmuseum-windeck.de\/?page_id=115\" target=\"_blank\">\n\t\t\t\t\t\t<span class=\"elementor-button-content-wrapper\">\n\t\t\t\t\t\t\t\t\t<span class=\"elementor-button-text\">Aktuelles\/ Termine<\/span>\n\t\t\t\t\t<\/span>\n\t\t\t\t\t<\/a>\n\t\t\t\t<\/div>\n\t\t\t\t\t\t\t\t<\/div>\n\t\t\t\t<\/div>\n\t\t\t\t\t<\/div>\n\t\t<\/div>\n\t\t\t\t<div class=\"elementor-column elementor-col-20 elementor-top-column elementor-element elementor-element-0fc97f6\" data-id=\"0fc97f6\" data-element_type=\"column\" data-e-type=\"column\">\n\t\t\t<div class=\"elementor-widget-wrap elementor-element-populated\">\n\t\t\t\t\t\t<div class=\"elementor-element elementor-element-718bc83 elementor-align-center elementor-widget elementor-widget-button\" data-id=\"718bc83\" data-element_type=\"widget\" data-e-type=\"widget\" data-widget_type=\"button.default\">\n\t\t\t\t<div class=\"elementor-widget-container\">\n\t\t\t\t\t\t\t\t\t<div class=\"elementor-button-wrapper\">\n\t\t\t\t\t<a class=\"elementor-button elementor-button-link elementor-size-md\" href=\"https:\/\/heimatmuseum-windeck.de\/?page_id=40\" target=\"_blank\">\n\t\t\t\t\t\t<span class=\"elementor-button-content-wrapper\">\n\t\t\t\t\t\t\t\t\t<span class=\"elementor-button-text\">Der F\u00f6rderverein<\/span>\n\t\t\t\t\t<\/span>\n\t\t\t\t\t<\/a>\n\t\t\t\t<\/div>\n\t\t\t\t\t\t\t\t<\/div>\n\t\t\t\t<\/div>\n\t\t\t\t\t<\/div>\n\t\t<\/div>\n\t\t\t\t<div class=\"elementor-column elementor-col-20 elementor-top-column elementor-element elementor-element-0eb7ce8\" data-id=\"0eb7ce8\" data-element_type=\"column\" data-e-type=\"column\">\n\t\t\t<div class=\"elementor-widget-wrap elementor-element-populated\">\n\t\t\t\t\t\t<div class=\"elementor-element elementor-element-a4fef6d elementor-align-center elementor-widget elementor-widget-button\" data-id=\"a4fef6d\" data-element_type=\"widget\" data-e-type=\"widget\" data-widget_type=\"button.default\">\n\t\t\t\t<div class=\"elementor-widget-container\">\n\t\t\t\t\t\t\t\t\t<div class=\"elementor-button-wrapper\">\n\t\t\t\t\t<a class=\"elementor-button elementor-button-link elementor-size-md\" href=\"https:\/\/heimatmuseum-windeck.de\/?page_id=44\" target=\"_blank\">\n\t\t\t\t\t\t<span class=\"elementor-button-content-wrapper\">\n\t\t\t\t\t\t\t\t\t<span class=\"elementor-button-text\">Impressum<\/span>\n\t\t\t\t\t<\/span>\n\t\t\t\t\t<\/a>\n\t\t\t\t<\/div>\n\t\t\t\t\t\t\t\t<\/div>\n\t\t\t\t<\/div>\n\t\t\t\t\t<\/div>\n\t\t<\/div>\n\t\t\t\t<div class=\"elementor-column elementor-col-20 elementor-top-column elementor-element elementor-element-a3cf960\" data-id=\"a3cf960\" data-element_type=\"column\" data-e-type=\"column\">\n\t\t\t<div class=\"elementor-widget-wrap elementor-element-populated\">\n\t\t\t\t\t\t<div class=\"elementor-element elementor-element-496c4f5 elementor-align-center elementor-widget elementor-widget-button\" data-id=\"496c4f5\" data-element_type=\"widget\" data-e-type=\"widget\" data-widget_type=\"button.default\">\n\t\t\t\t<div class=\"elementor-widget-container\">\n\t\t\t\t\t\t\t\t\t<div class=\"elementor-button-wrapper\">\n\t\t\t\t\t<a class=\"elementor-button elementor-button-link elementor-size-md\" href=\"https:\/\/heimatmuseum-windeck.de\/?page_id=782\" target=\"_blank\">\n\t\t\t\t\t\t<span class=\"elementor-button-content-wrapper\">\n\t\t\t\t\t\t\t\t\t<span class=\"elementor-button-text\">G\u00e4stebuch\/ Bildergalerie<\/span>\n\t\t\t\t\t<\/span>\n\t\t\t\t\t<\/a>\n\t\t\t\t<\/div>\n\t\t\t\t\t\t\t\t<\/div>\n\t\t\t\t<\/div>\n\t\t\t\t\t<\/div>\n\t\t<\/div>\n\t\t\t\t\t<\/div>\n\t\t<\/section>\n\t\t\t\t<\/div>\n\t\t","protected":false},"excerpt":{"rendered":"<p>Wir \u00f6ffnen wieder ab 3. April 2026! Neue \u00d6ffnungszeiten in 2026 &#8211; s. unten! Wir \u00f6ffnen wieder ab 3. April 2026! Neue \u00d6ffnungszeiten in 2026 &#8211; s. unten! Das Museum \u00f6ffnet ab dem 3. April (Karfreitag) wieder f\u00fcr interessierte Besucher. Bis dahin ist wahrscheinlich auch die neue Schienenstrecke vom Vorplatz des Hauses Merten bis ins [&hellip;]<\/p>\n","protected":false},"author":1,"featured_media":0,"parent":0,"menu_order":0,"comment_status":"closed","ping_status":"closed","template":"","meta":{"ocean_post_layout":"","ocean_both_sidebars_style":"","ocean_both_sidebars_content_width":0,"ocean_both_sidebars_sidebars_width":0,"ocean_sidebar":"","ocean_second_sidebar":"","ocean_disable_margins":"enable","ocean_add_body_class":"","ocean_shortcode_before_top_bar":"","ocean_shortcode_after_top_bar":"","ocean_shortcode_before_header":"","ocean_shortcode_after_header":"","ocean_has_shortcode":"","ocean_shortcode_after_title":"","ocean_shortcode_before_footer_widgets":"","ocean_shortcode_after_footer_widgets":"","ocean_shortcode_before_footer_bottom":"","ocean_shortcode_after_footer_bottom":"","ocean_display_top_bar":"default","ocean_display_header":"default","ocean_header_style":"","ocean_center_header_left_menu":"","ocean_custom_header_template":"","ocean_custom_logo":0,"ocean_custom_retina_logo":0,"ocean_custom_logo_max_width":0,"ocean_custom_logo_tablet_max_width":0,"ocean_custom_logo_mobile_max_width":0,"ocean_custom_logo_max_height":0,"ocean_custom_logo_tablet_max_height":0,"ocean_custom_logo_mobile_max_height":0,"ocean_header_custom_menu":"","ocean_menu_typo_font_family":"","ocean_menu_typo_font_subset":"","ocean_menu_typo_font_size":0,"ocean_menu_typo_font_size_tablet":0,"ocean_menu_typo_font_size_mobile":0,"ocean_menu_typo_font_size_unit":"px","ocean_menu_typo_font_weight":"","ocean_menu_typo_font_weight_tablet":"","ocean_menu_typo_font_weight_mobile":"","ocean_menu_typo_transform":"","ocean_menu_typo_transform_tablet":"","ocean_menu_typo_transform_mobile":"","ocean_menu_typo_line_height":0,"ocean_menu_typo_line_height_tablet":0,"ocean_menu_typo_line_height_mobile":0,"ocean_menu_typo_line_height_unit":"","ocean_menu_typo_spacing":0,"ocean_menu_typo_spacing_tablet":0,"ocean_menu_typo_spacing_mobile":0,"ocean_menu_typo_spacing_unit":"","ocean_menu_link_color":"","ocean_menu_link_color_hover":"","ocean_menu_link_color_active":"","ocean_menu_link_background":"","ocean_menu_link_hover_background":"","ocean_menu_link_active_background":"","ocean_menu_social_links_bg":"","ocean_menu_social_hover_links_bg":"","ocean_menu_social_links_color":"","ocean_menu_social_hover_links_color":"","ocean_disable_title":"default","ocean_disable_heading":"default","ocean_post_title":"","ocean_post_subheading":"","ocean_post_title_style":"","ocean_post_title_background_color":"","ocean_post_title_background":0,"ocean_post_title_bg_image_position":"","ocean_post_title_bg_image_attachment":"","ocean_post_title_bg_image_repeat":"","ocean_post_title_bg_image_size":"","ocean_post_title_height":0,"ocean_post_title_bg_overlay":0.5,"ocean_post_title_bg_overlay_color":"","ocean_disable_breadcrumbs":"default","ocean_breadcrumbs_color":"","ocean_breadcrumbs_separator_color":"","ocean_breadcrumbs_links_color":"","ocean_breadcrumbs_links_hover_color":"","ocean_display_footer_widgets":"default","ocean_display_footer_bottom":"default","ocean_custom_footer_template":"","footnotes":""},"class_list":["post-34","page","type-page","status-publish","hentry","entry"],"_links":{"self":[{"href":"https:\/\/heimatmuseum-windeck.de\/index.php?rest_route=\/wp\/v2\/pages\/34","targetHints":{"allow":["GET"]}}],"collection":[{"href":"https:\/\/heimatmuseum-windeck.de\/index.php?rest_route=\/wp\/v2\/pages"}],"about":[{"href":"https:\/\/heimatmuseum-windeck.de\/index.php?rest_route=\/wp\/v2\/types\/page"}],"author":[{"embeddable":true,"href":"https:\/\/heimatmuseum-windeck.de\/index.php?rest_route=\/wp\/v2\/users\/1"}],"replies":[{"embeddable":true,"href":"https:\/\/heimatmuseum-windeck.de\/index.php?rest_route=%2Fwp%2Fv2%2Fcomments&post=34"}],"version-history":[{"count":10,"href":"https:\/\/heimatmuseum-windeck.de\/index.php?rest_route=\/wp\/v2\/pages\/34\/revisions"}],"predecessor-version":[{"id":2479,"href":"https:\/\/heimatmuseum-windeck.de\/index.php?rest_route=\/wp\/v2\/pages\/34\/revisions\/2479"}],"wp:attachment":[{"href":"https:\/\/heimatmuseum-windeck.de\/index.php?rest_route=%2Fwp%2Fv2%2Fmedia&parent=34"}],"curies":[{"name":"wp","href":"https:\/\/api.w.org\/{rel}","templated":true}]}}